{"id":170,"date":"2024-02-09T00:00:00","date_gmt":"2024-02-09T12:16:38","guid":{"rendered":"https:\/\/demo.webdigify.com\/WCM04\/WCM117_flora\/?post_type=product&#038;p=170"},"modified":"2025-12-10T19:50:49","modified_gmt":"2025-12-11T00:50:49","slug":"veryhome-artificial-red-flowers","status":"publish","type":"product","link":"https:\/\/florerialaberinto.com\/?product=veryhome-artificial-red-flowers","title":{"rendered":"Lujo Tropical"},"content":{"rendered":"<p data-start=\"255\" data-end=\"645\">Un arreglo vibrante y ex\u00f3tico que combina <strong data-start=\"297\" data-end=\"338\">flores tropicales de colores intensos<\/strong> \u2014como aves del para\u00edso, heliconias, anturios y ginger\u2014 acompa\u00f1adas de <strong data-start=\"409\" data-end=\"436\">follaje verde abundante<\/strong> que aporta frescura y volumen.<br data-start=\"467\" data-end=\"470\" \/>Dise\u00f1ado para impresionar con una est\u00e9tica moderna, elegante y llena de energ\u00eda. Su composici\u00f3n colorida lo convierte en un regalo que transmite <strong data-start=\"615\" data-end=\"644\">alegr\u00eda, vida y presencia<\/strong>.<\/p>\n<p data-start=\"647\" data-end=\"675\"><strong data-start=\"647\" data-end=\"673\">Elementos del arreglo:<\/strong><\/p>\n<ul data-start=\"676\" data-end=\"871\">\n<li data-start=\"676\" data-end=\"745\">\n<p data-start=\"678\" data-end=\"745\">Flores tropicales variadas (rojos, naranjas, fucsias, amarillos).<\/p>\n<\/li>\n<li data-start=\"746\" data-end=\"793\">\n<p data-start=\"748\" data-end=\"793\">Follaje verde decorativo de alto contraste.<\/p>\n<\/li>\n<li data-start=\"794\" data-end=\"836\">\n<p data-start=\"796\" data-end=\"836\">Estilo buch\u00f3n, voluminoso y llamativo.<\/p>\n<\/li>\n<li data-start=\"837\" data-end=\"871\">\n<p data-start=\"839\" data-end=\"871\">Presentaci\u00f3n moderna y pulida.<\/p>\n<\/li>\n<\/ul>\n","protected":false},"excerpt":{"rendered":"<ul>\n<li>Arreglo tropical vibrante con flores ex\u00f3ticas y follaje verde abundante. Colorido, elegante y perfecto para sorprender con un toque de lujo natural.<\/li>\n<\/ul>\n","protected":false},"featured_media":354,"comment_status":"open","ping_status":"closed","template":"","meta":{"_eb_attr":"","_bst_post_transparent":"default","_bst_post_title":"","_bst_post_layout":"default","_bst_post_sidebar_id":"","_bst_post_content_style":"default","_bst_post_vertical_padding":"default","_bst_post_feature":"","_bst_post_feature_position":"","_bst_post_header":false,"_bst_post_footer":false,"_joinchat":[]},"product_brand":[],"product_cat":[43,44,103,47,55,89],"product_tag":[],"product_brands":[],"class_list":{"0":"post-170","1":"product","2":"type-product","3":"status-publish","4":"has-post-thumbnail","6":"product_cat-carnations","7":"product_cat-chrysanthemum","8":"product_cat-cumpleanos","9":"product_cat-flowering-trees","10":"product_cat-our-store","11":"product_cat-ramo-buchon","13":"first","14":"outofstock","15":"taxable","16":"shipping-taxable","17":"purchasable","18":"product-type-simple","19":"entry","20":"content-bg","21":"loop-entry"},"_links":{"self":[{"href":"https:\/\/florerialaberinto.com\/index.php?rest_route=\/wp\/v2\/product\/170","targetHints":{"allow":["GET"]}}],"collection":[{"href":"https:\/\/florerialaberinto.com\/index.php?rest_route=\/wp\/v2\/product"}],"about":[{"href":"https:\/\/florerialaberinto.com\/index.php?rest_route=\/wp\/v2\/types\/product"}],"replies":[{"embeddable":true,"href":"https:\/\/florerialaberinto.com\/index.php?rest_route=%2Fwp%2Fv2%2Fcomments&post=170"}],"wp:featuredmedia":[{"embeddable":true,"href":"https:\/\/florerialaberinto.com\/index.php?rest_route=\/wp\/v2\/media\/354"}],"wp:attachment":[{"href":"https:\/\/florerialaberinto.com\/index.php?rest_route=%2Fwp%2Fv2%2Fmedia&parent=170"}],"wp:term":[{"taxonomy":"product_brand","embeddable":true,"href":"https:\/\/florerialaberinto.com\/index.php?rest_route=%2Fwp%2Fv2%2Fproduct_brand&post=170"},{"taxonomy":"product_cat","embeddable":true,"href":"https:\/\/florerialaberinto.com\/index.php?rest_route=%2Fwp%2Fv2%2Fproduct_cat&post=170"},{"taxonomy":"product_tag","embeddable":true,"href":"https:\/\/florerialaberinto.com\/index.php?rest_route=%2Fwp%2Fv2%2Fproduct_tag&post=170"},{"taxonomy":"product_brands","embeddable":true,"href":"https:\/\/florerialaberinto.com\/index.php?rest_route=%2Fwp%2Fv2%2Fproduct_brands&post=170"}],"curies":[{"name":"wp","href":"https:\/\/api.w.org\/{rel}","templated":true}]}}